of f.
7
Let l(h) be the second derivative of -h**4/12 + 4*h**3/3 - 9*h**2/2 + 2*h. Let s be l(6). List the prime factors of 3 + 0 + 18/s.
3
Suppose -4*v + 9*v = g - 205, 2*g + 5*v = 455. List the prime factors of g.
2, 5, 11
Let q = 6 - 20. Let m = -7 - q. What are the prime factors of m?
7
Suppose 2*d - 516 = -4*d. List the prime factors of d.
2, 43
Let o = -8 + 4. Suppose -3*h + 21 = 3. List the prime factors of (o/6)/(h/(-45)).
5
Let p(a) = a**3 + 4*a**2 - a + 1. Let z be (9 - 8)*-1*2. List the prime factors of p(z).
11
Let x(d) = -3*d**2 + 3 + d - 1497*d**3 + 3*d + 1495*d**3. Let n(t) = -2*t**2 + t. Let o be n(-1). What are the prime factors of x(o)?
2, 3
Suppose 27 = 4*v - u, 4*v + u + u = 18. Let d be 10 - -1 - (1 + -1). Let c = d + v. What are the prime factors of c?
17
Let o be (2 + 67)*(-1)/3. Suppose f = -3*n - 29, f + 7 - 44 = 3*n. Let u = n - o. What are the prime factors of u?
2, 3
Let p(a) = a + 24. List the prime factors of p(-21).
3
Let q(i) = 10*i**2 + i. Let u be q(1). Let k(r) = -r**2 - 9*r - 2. Let j be k(-9). List the prime factors of (j - -3)*(u - 0).
11
Suppose -5*w = -8*w + 165. Let a be -1*(-2)/(-2)*0. Suppose 0 = -a*q - 5*q + w. List the prime factors of q.
11
Let k = 71 + 7. What are the prime factors of k?
2, 3, 13
Suppose -33 = -w + 4*w. Let o = -6 - w. What are the prime factors of o?
5
Let b be 2*-10*(-4 + 3). Suppose 2*o - 6 = b. What are the prime factors of o?
13
Suppose 0*q - 4*q + 4*k = -252, 5*q - 4*k - 316 = 0. What are the prime factors of q?
2
Let p = 17 + -15. Suppose -p*n + 48 = 20. List the prime factors of n.
2, 7
Suppose -9*f = -4*f + 25. Let w = -7 - f. Let k = w - -8. List the prime factors of k.
2, 3
Suppose -520 = u + 4*u. What are the prime factors of (u/(-14))/((-2)/(-7))?
2, 13
Suppose 4*h + 5*g = 16, 5 = 4*h + 4*g - 11. Suppose -4*k - 4*n + 0*n = -64, 24 = 2*k + h*n. List the prime factors of k.
2, 5
Suppose -v - 5 = 0, -3*t + 2*v + 216 = -t. What are the prime factors of t?
103
Let x be (-6 - -2)*12/(-8). Let a(v) = v**3 - v + 11. Let g(k) = -k**3 + k**2 + k - 12. Let s(r) = x*a(r) + 5*g(r). List the prime factors of s(-5).
11
Let u be (14/(-3))/2*-9. Let t = u - 14. What are the prime factors of t?
7
Let f(x) = -4*x**2 - x + 1. Let m be f(1). Let q(n) = -3*n - 3. List the prime factors of q(m).
3
Suppose -w = -4*w. Suppose 5*z - 4*z - i - 10 = w, 3 = -3*i. List the prime factors of z.
3
Suppose -4*h + 4*g = -0*h - 232, h = -g + 50. List the prime factors of h.
2, 3
Let m(z) = z**2 + 6*z - 14. Suppose -5*k - 9 = 41. List the prime factors of m(k).
2, 13
Suppose 5*j = 2*j + 12. Suppose j*r = 109 + 23. Let t = 53 - r. What are the prime factors of t?
2, 5
Let w = 36 - 26. Let d = 5 + w. List the prime factors of d.
3, 5
Suppose -48*p = -51*p + 804. What are the prime factors of p?
2, 67
Let z = 6 + -3. Let h = 19 - z. List the prime factors of h.
2
Let r be ((-4)/(-1))/(-1 - -2). Suppose -3*s - 2*u + 4 = 3*u, r*u - 8 = -3*s. What are the prime factors of s?
2
Suppose -7 = 5*t - 37. List the prime factors of t.
2, 3
Suppose 0 = 2*f - 4*f + 64. What are the prime factors of f?
2
Suppose -6 = -2*b, 4*b + 16 = 5*a + b. Suppose 0 = 2*y - 43 - a. What are the prime factors of y?
2, 3
Let r(c) = -c**2 + 5*c + 6. Let a be r(6). Suppose a = -3*g - g + 100. List the prime factors of g.
5
What are the prime factors of ((-4)/(-4) + -2)*-53?
53
Let g = 9 + -5. Let b be (7 - -5)*2/g. Suppose 0 = b*y - 2*y - 28. What are the prime factors of y?
7
Let u(d) = -7 + 0 + 0*d + d + 4. List the prime factors of u(5).
2
Suppose 338 = 4*v - 42. List the prime factors of v.
5, 19
Let n(k) = -1. Let b(q) = -3*q - 1. Let x(u) = b(u) + 6*n(u). List the prime factors of x(-5).
2
Let l(w) = w - 8. Let z be l(7). Let b(x) = 7*x**2. What are the prime factors of b(z)?
7
Suppose -10 = -d - 4*l, 2*l + 3*l - 110 = -5*d. What are the prime factors of d?
2, 13
Suppose -3*w + 32 = 5*i - 5*w, 4*i + 2*w = 40. Let m = i + -6. What are the prime factors of m?
2
Suppose -s - 124 = 3*s. Let l = 9 - s. Suppose -2*q = -7*q + l. List the prime factors of q.
2
Let c = 522 - 241. List the prime factors of c.
281
Suppose 4*z - 60 = -z. Suppose -z - 4 = -2*m. List the prime factors of m.
2
Let u(b) = -4*b**2 - 11 - b**2 + 7*b + 6*b**2. What are the prime factors of u(-9)?
7
Suppose 5*o = -0*o + 260. List the prime factors of o.
2, 13
What are the prime factors of (-1)/3 + 19/3?
2, 3
Suppose -4*d - 237 = o, -2*d - 69 = -2*o + 37. Let r = d + 84. What are the prime factors of r?
2, 13
Suppose -2*y - 2*y = 252. Let l be ((-1)/(-3))/((-3)/y). Suppose 4*d - 23 + l = 0. What are the prime factors of d?
2
Let m(p) = p + 18. Let g be m(-11). Let h(u) = 5*u - 12. List the prime factors of h(g).
23
Suppose 3*d + 162 = 5*d. Suppose -2*s - s = -d. List the prime factors of s.
3
Suppose 4*b - 49 = 251. Suppose 10*y - b = 5*y. What are the prime factors of y?
3, 5
Let q(i) = -i**2 + 6*i + 4. List the prime factors of q(5).
3
Let q(z) = -14*z + 1. What are the prime factors of q(-1)?
3, 5
Let w(x) = -x. Let s be w(-4). What are the prime factors of 284/14 + s/(-14)?
2, 5
Suppose 3*n + l - 32 = 0, 5*n - 68 = -0*l + 2*l. Suppose -2*m - 4*i = -n, -m + 5*i + 1 = 2. List the prime factors of m.
2
Let x(t) = 6*t - 1. Let p be (1/(-1))/(4/(-8)). What are the prime factors of x(p)?
11
Suppose 2 = -d - 0*d. Let p = d + 6. What are the prime factors of 1*(p + 1 + -1)?
2
Let u = -15 - -118. List the prime factors of u.
103
Suppose a + 0*a = 93. Suppose 4*q + 2*u = -29 + a, 0 = 5*q + 5*u - 70. List the prime factors of q.
2, 3
Suppose 3*f - 7 = -l, l + 4*l + 2*f = 35. List the prime factors of l.
7
Let c(z) = -z - 3. Let f be c(-6). Let w = 7 - f. Suppose -83 = -5*a + 4*p, -w*a - 2*p = -7*a + 49. List the prime factors of a.
3, 5
Let f(i) = 14*i**2 + 5*i + 8. List the prime factors of f(-2).
2, 3
Suppose -315 = 2*w - 7*w. What are the prime factors of w?
3, 7
Let t = -4 - -4. What are the prime factors of 3/(-1)*-4 + t?
2, 3
Suppose -3*n = 4*a - 113, 3*n - 2*n - 86 = -3*a. List the prime factors of a.
29
Let v(f) = f**3 - f**2 - f + 7. Let u(k) = 4 + k**3 - 2 + 2*k**2 + 5 - k - 4*k**2. Let b(r) = -6*u(r) + 7*v(r). What are the prime factors of b(-5)?
2, 3
Let b(y) = y**3 - 3*y**2 - 2*y - 5. Let o be b(4). Suppose -o*v + 2*v + 12 = 0. What are the prime factors of v?
2, 3
Let g be (2/(-3))/((-3)/18). Suppose -2*c = -14 - g. Suppose -c = 4*o - 69. What are the prime factors of o?
3, 5
Let g(j) = j**2 + 6*j + 11. List the prime factors of g(-9).
2, 19
Suppose 8*p - 7*p - 62 = 0. List the prime factors of p.
2, 31
Let v = 53 + -13. What are the prime factors of v?
2, 5
Let v be (-2)/(-4*1/18). Suppose -3*s = -3 - v. List the prime factors of s.
2
Let a be (-1 - 3/(-6))*-12. Suppose -60 = -a*t + 3*t. List the prime factors of t.
2, 5
Suppose -2*h + 0*h = 8, -i = -3*h - 19. What are the prime factors of i?
7
Suppose 4*j - 3*x - 2*x - 1 = 0, 2*j - 4*x = -4. Suppose 0 = -5*n, n = -p - j*p + 45. What are the prime factors of p?
3
Let o be (-2)/3*(-18)/6. Let a = 5 - o. List the prime factors of a.
3
Suppose 7 = -g + z - 0, -4*g - 43 = z. Let t = g - -8. Let d = t + 5. List the prime factors of d.
3
Let r be 1/((-3)/6) + 17. Suppose -4*z + 5 = -r. What are the prime factors of z?
5
Suppose -7*n = -3*n - 56. What are the prime factors of n?
2, 7
Suppose 19*a + 230 = 24*a. What are the prime factors of a?
2, 23
Let l = 147 - 6. List the prime factors of l/15 + 4/(-10).
3
Let b = -2 - -2. Let o be ((-1)/(-2)*b)/2. Suppose -24 = -2*r - o*r. List the prime factors of r.
2, 3
Suppose 9 = 5*i + m - 0*m, 4*i - 2*m + 4 = 0. Let z be -2*i*4/(-2). Suppose z*x + t = 2*x + 20, -3*x - 5*t + 23 = 0. List the prime factors of x.
11
Suppose -367 = -4*f - 3*j, 3 = -f + 2*j + 103. List the prime factors of f.
2, 47
Suppose -2*l + 0*a - 31 = 5*a, -2*a = -5*l - 34. Let o be 1 - 3 - l/(-4). What are the prime factors of (8/6)/(o/(-30))?
2, 5
Let z(r) = -r**3 - 6*r**2 - 4*r - 6. What are the prime factors of z(-8)?
2, 7, 11
Suppose 0*g - 5*g = -20, 96 = 3*o + 3*g. What are the prime factors of o?
2, 7
Suppose -8*q = -q - 70. What are the prime factors of q?
2, 5
Let l(r) = -2*r - 11. Suppose -3*f = -5*f - 16. Let a be l(f). Suppose 2 = -2*w + a*n + 4, 3*w + 2*n - 41 = 0. List the prime factors of